prime number?
False
Is 82913297 a composite number?
False
Is 15056806901 a prime number?
True
Is 2821630291 composite?
True
Is 362250501991 a composite number?
True
Is 120150587 composite?
False
Is 1069908123 composite?
True
Is 9419051 prime?
True
Is 74614619 prime?
False
Is 6197776583 a composite number?
False
Is 5175587407 composite?
True
Is 11901753977 a prime number?
True
Is 835984379 a composite number?
False
Is 484989657 a composite number?
True
Is 57848431 composite?
True
Is 1531102967 composite?
True
Is 43752509095 prime?
False
Is 3020143267 a prime number?
True
Is 4427674909 a composite number?
True
Is 434752957 a composite number?
False
Is 3684702783 composite?
True
Is 134170729597 a prime number?
True
Is 17132926571 composite?
False
Is 89049468439 a composite number?
False
Is 2446571131 prime?
True
Is 2463460873 prime?
True
Is 12341195357 a composite number?
False
Is 2678204017 composite?
False
Is 1798697723 a composite number?
False
Is 3655400267 a composite number?
False
Is 5499439717 prime?
True
Is 60443642989 prime?
False
Is 236479721 prime?
False
Is 1274559907 a prime number?
False
Is 211090939 a prime number?
False
Is 25689277631 composite?
True
Is 82820191 composite?
True
Is 6426982235 composite?
True
Is 16720013 prime?
False
Is 194421485 prime?
False
Is 5525881651 composite?
True
Is 41104492981 composite?
True
Is 195466093 a composite number?
False
Is 79483681421 a composite number?
False
Is 2361352703 prime?
False
Is 140469803 prime?
True
Is 24229919359 a prime number?
True
Is 12681707371 prime?
False
Is 5214582983 prime?
False
Is 160875815095 a prime number?
False
Is 21744088489 a composite number?
True
Is 77507123 a prime number?
True
Is 4290532453 prime?
False
Is 255255677 composite?
False
Is 8057110819 composite?
True
Is 2393886783 a composite number?
True
Is 131140643 a prime number?
True
Is 7178638931 prime?
True
Is 47294354269 prime?
True
Is 40140901091 a composite number?
False
Is 2285468023 composite?
False
Is 15413042621 a composite number?
False
Is 3397540963 a composite number?
False
Is 28413948209 a prime number?
False
Is 128890632851 a composite number?
False
Is 20262984629 composite?
False
Is 97415129071 composite?
True
Is 1150814549 a composite number?
True
Is 51231100913 a prime number?
False
Is 2271236167 prime?
True
Is 1274065003 prime?
True
Is 1359225001 a prime number?
False
Is 3148358506 composite?
True
Is 36991661771 a prime number?
True
Is 5151849407 a composite number?
True
Is 3294476017 a composite number?
True
Is 1795336915 a prime number?
False
Is 14382046883 prime?
True
Is 8403090781 a prime number?
True
Is 48413203103 a prime number?
True
Is 1417356037 a composite number?
False
Is 4328251177 prime?
True
Is 577238333 prime?
False
Is 173635523 a prime number?
False
Is 555917183 a prime number?
True
Is 1612698973 a prime number?
True
Is 3578384477 a composite number?
True
Is 112126801271 prime?
False
Is 395158769 a prime number?
False
Is 32017236742 prime?
False
Is 1421110241 composite?
False
Is 33703125791 a prime number?
True
Is 19727947013 composite?
True
Is 163190858827 composite?
True
Is 18499836911 a prime number?
False
Is 206888713 a composite number?
False
Is 136044583 prime?
True
Is 510183545 composite?
True
Is 7168239851 a composite number?
False
Is 4201266061 prime?
True
Is 199146737 a composite number?
False
Is 47561498183 a composite number?
True
Is 3315473449 prime?
False
Is 4745006027 composite?
False
Is 796040241 composite?
True
Is 47885164499 composite?
True
Is 332097517 a composite number?
True
Is 18704699053 a prime number?
False
Is 624829213 prime?
True
Is 111132793879 a prime number?
True
Is 239542909 prime?
False
Is 13879311857 composite?
False
Is 1513251445 prime?
False
Is 64437811 composite?
False
Is 1488864133 composite?
False
Is 1816669639 a composite number?
False
Is 186028706121 a prime number?
False
Is 4101431291 a composite number?
False
Is 39855191747 composite?
True
Is 23923562917 composite?
False
Is 14998677047 a composite number?
False
Is 2032039 prime?
True
Is 53179223 a composite number?
False
Is 1182338021 a prime number?
False
Is 11555849579 a prime number?
False
Is 5915672921 prime?
True
Is 335334323 a composite number?
False
Is 207709457 prime?
True
Is 4846958489 composite?
False
Is 309819659 a prime number?
False
Is 386248507 a composite number?
False
Is 400381 a prime number?
True
Is 634394858 composite?
True
Is 25693121 composite?
True
Is 9048210389 a composite number?
True
Is 1684033591 a composite number?
True
Is 16794669473 composite?
False
Is 64979153327 composite?
True
Is 131760449 composite?
True
Is 5919725995 composite?
True
Is 4259971531 a composite number?
False
Is 3365380211 a composite number?
False
Is 200106437 a prime number?
True
Is 21656987347 a prime number?
True
Is 6528833851 a prime number?
False
Is 204011477 a prime number?
False
Is 48180943471 a prime number?
True
Is 35019843193 composite?
True
Is 2989360883 a composite number?
False
Is 79203495781 prime?
True
Is 7579271317 prime?
True
Is 854392213 a composite number?
False
Is 1392291287 a composite number?
False
Is 5326260757 composite?
False
Is 247306865717 a prime number?
True
Is 3577204871 a composite number?
False
Is 63519374409 composite?
True
Is 29717778557 a composite number?
True
Is 102457056127 a composite number?
False
Is 801421666 a composite number?
True
Is 10948027837 composite?
False
Is 349242403 composite?
True
Is 386207179 a prime number?
True
Is 39958553 a composite number?
False
Is 5649413881 prime?
True
Is 280725037 prime?
True
Is 3171197031 composite?
True
Is 1498760741 prime?
True
Is 52323563 composite?
True
Is 1766889539 a prime number?
True
Is 18128711571 a prime number?
False
Is 3490830431 a prime number?
False
Is 207160739 a composite number?
False
Is 118879669 a composite number?
False
Is 3009923297 composite?
False
Is 10397760097 prime?
False
Is 112235469629 a composite number?
False
Is 3368783939 prime?
True
Is 1403368447 a prime number?
False
Is 8893331221 composite?
False
Is 646951051 a prime number?
True
Is 4733464499 a composite number?
False
Is 1799999299 composite?
True
Is 5493907927 a composite number?
True
Is 89056400309 prime?
False
Is 292886929 composite?
False
Is 1344684449 a composite number?
False
Is 169815717043 a composite number?
True
Is 11536530689 prime?
True
Is 153583192111 prime?
False
Is 1872968651 a prime number?
True
Is 15002892659 a prime number?
True
Is 42580222951 composite?
True
Is 166335105269 composite?
True
Is 17520127397 composite?
False
Is 20349540779 prime?
True
Is 2426665031 prime?
False
Is 37769104897 composite?
False
Is 845843237 composite?
True
Is 1908840565 prime?
False
Is 1118244891 composite?
True
Is 990801677 a composite number?
True
Is 1618349293 prime?
False
Is 1502699101 prime?
False
Is 625303313 a composite number?
True
Is 113521292987 prime?
True
Is 1613358785 composite?
True
Is 81240001 a prime number?
False
Is 212324377 a composite number?
False
Is 1194393091 prime?
True
Is 99601380661 composite?
False
Is 13399880294 prime?
False
Is 2265197719 prime?
True
Is 700325173 prime?
False
Is 285476339 a composite number?
True
Is 259313819 a composite number?
False
Is 11778482003 a composite number?
True
Is 903563777 prime?
True
Is 38972127287 a prime number?
True
Is 261900437 composite?
False
Is 161676967 a composite number?
False
Is 6481711 a prime number?
True
Is 81918187501 a composite number?
True
Is 17994632077 a composite number?
False
Is 956715437 a composite number?
False
Is 53546719987 prime?
False
Is 636709577155 prime?
False
Is 24238475711 a prime number?
False
Is 1392732427 composite?
False
Is 6119523493 prime?
True
Is 18689125223 a composite number?
False
Is 31178851315 composite?
True
Is 10602138331 a prime number?
True
Is 8296994291 prime?
True
Is 8624993207 a prime number?
True
Is 31488894301 prime?
False
Is 573676681 a composite number?
False
Is 802474801 a composite number?
True
Is 356904521 prime?
False
Is 144917597057 a prime number?
True
Is 18583958671 a composite number?
False
Is 1342424591 composite?
True
Is 67619430803 prime?
True
Is 15237695311 a composite number?
True
Is 970166159 a prime number?
False
Is 582772657 composite?
True
Is 578794903 prime?
False
Is 1064383 prime?
True
Is 55285